= 4 + b*m - 7 - 7*m. Determine i(j).
3
Let y(f) = 511*f - 927*f + 451*f + 352. Give y(-10).
2
Let b(c) = -c**3 + 6*c**2 - c - 3. Let k = -102 - -104. Suppose 0 = r + k - 10. Suppose 3*y + 2 = -g + 3*g, r = 4*y. Calculate b(g).
25
Let b(v) = v**3 + 2*v**2 - 2*v. Let r(n) = -5*n**3 - 9*n**2 + 11*n + 1. Let w(k) = 11*b(k) + 2*r(k). Let x = 4023 - 4028. Determine w(x).
-23
Let n(y) be the second derivative of y**5/20 + 11*y**4/6 - y**3/2 - 14*y**2 - y - 1334. What is n(-22)?
38
Suppose -3*j - 2*v + 16 = 0, v - 2*v = -5*j + 44. Let u be 276/(-207)*((-2)/j + -2). Let a(n) = -n - 1. Let f(q) = -q + 1. Let b(t) = a(t) + f(t). What is b(u)?
-6
Let b(z) = -z**2 + 4*z + 9. Let v(q) = -2*q**2 + q + 5. Let w be v(0). Suppose -4*a = -3*d + 27, -2*d + w*d - 5*a - 30 = 0. Calculate b(d).
4
Let k(f) = f**2 + 15*f - 364. Let w be 12/(-24) - (-270)/20. What is k(w)?
0
Let n(q) = -6*q**2 - 70*q - 140. Let l be n(-9). Let p(s) = -s**2 + s - 4. Determine p(l).
-16
Let a(z) = 4 + 425 + 64*z + 41*z + 111 - 27*z. Give a(-7).
-6
Let m(u) = -u**3 - 3*u**2 + 4*u + 6. Let f(t) = t**3 + 16*t**2 + 32*t + 47. Let c be f(-14). Let g be -1*c/(54/(-24)). Give m(g).
6
Let t(o) = -4*o**2 - 26*o - 68. Let n(y) = 11*y**2 + 77*y + 189. Let q(h) = -3*n(h) - 8*t(h). Determine q(-22).
-1
Let v(o) be the second derivative of -1/12*o**4 - 5/6*o**3 + o - 6 + 9*o**2. What is v(-8)?
-6
Let v(a) = 5*a + 70. Let c(i) = 6*i - 26. Let b be c(2). Let m be v(b). Let y(f) = -f**3 - f**2 - f + 37. Give y(m).
37
Let c be (-3 - (-3 + 5)) + 3. Let q be 1/c - 25/(-10). Let x(i) = 3*i**3 + 3*i**3 - 4*i + 2*i**q + 3*i**2 + 2 - 5*i**3. Give x(-6).
-10
Suppose 2*m = -4*i + 51 + 39, 3*i = 2*m + 57. Let l(w) = -2*w**2 + 3 - 21*w**2 + i*w**2 - w. Calculate l(-3).
-12
Suppose j + g + 242 = -294, 0 = -5*j + 5*g - 2720. Let x = j + 542. Let z(k) = -k**3 + k**2 + 3*k - 3. What is z(x)?
-1
Suppose -4*i + 6*a - 61 = a, 0 = -2*a + 10. Let g(b) = -1 - 4 - 2*b - b**3 - 6*b + 0 + 0 - 10*b**2. Determine g(i).
-14
Let s(z) = z**2 + 8*z - 1. Let y(x) be the third derivative of x**4/8 + 89*x**3/6 - 11*x**2 + 5. Let o be y(-31). Give s(o).
-17
Let v(h) be the third derivative of 7*h**4/12 - 11*h**3/3 + 41*h**2 + 24*h + 2. Determine v(6).
62
Let i(q) = -43*q + 126. Let m(s) = -15*s + 46. Let j(u) = -3*i(u) + 8*m(u). Give j(-5).
-55
Let q = -4538 - -4536. Let g(m) = 14*m**2 - 6. Calculate g(q).
50
Let t be 1 - (0 + (2 - 1)). Let u(q) = -9*q**3 - 5*q**2 - 14*q - 4. Let b(w) = -4*w**3 - 2*w**2 - 6*w - 2. Let h(i) = -7*b(i) + 3*u(i). Give h(t).
2
Let a(q) = q**2 - 8*q + 7. Let d(v) = v**2 - 5*v - 3. Let z(j) = j + 7. Let o be z(-1). Let s be d(o). Suppose s*y - 18 = -0. Give a(y).
-5
Let f = 2558 + -2558. Let b(a) = 25*a**2 - 3. Calculate b(f).
-3
Suppose 0 = -52*v + 40*v + 36. Let l(k) = -k**3 - v - 17 - 10*k**2 + 8 - 11*k - k. Give l(-9).
15
Let a(y) = y**2 + 11*y + 2. Let x(k) = -26*k - 6*k**2 + 0*k**3 + 23*k - k**3. Let u be x(-2). Determine a(u).
-8
Let j(l) be the first derivative of 2/3*l**3 - l + 3/2*l**4 + 0*l**2 + 182. Give j(1).
7
Suppose 23 = 2*z + 5*b, -6*z + 7 = -2*z - 3*b. Let a be (z - -4)/(2 + -1). Let u = a + -3. Let v(w) = -2*w - 4. Give v(u).
-14
Let p(k) = 7*k - 74. Let r be p(11). Suppose 2*d + 4 = r*o + 33, -3*o = d + 35. Let y(x) = -x**2 - 11*x - 4. Give y(o).
-4
Let f(x) = x**3 + 7*x**2 + 5*x - 1. Suppose 3*y + 21 = -3*j, -4*y + 9*j = 30 - 15. Calculate f(y).
5
Let g(q) = q**3 - 24*q**2 + q - 7. Let m(r) = r**3 - 43*r**2 + 84*r - 58. Let w be m(41). What is g(w)?
17
Let l(a) = 12*a - 105. Let p be (-127 - -139) + -1*4*1. Give l(p).
-9
Let d = -17175 + 17167. Let l(u) = 19*u + 136. Determine l(d).
-16
Let z(n) = -7*n**3 - 9*n**2 + 6*n + 2. Let y(a) = 16*a**3 + 18*a**2 - 12*a - 3. Let m(w) = -4*y(w) - 9*z(w). Calculate m(8).
10
Suppose -3*r - 8 - 1 = 0. Let n(w) be the first derivative of -w**2 + w - 2744. Calculate n(r).
7
Suppose -2*a - 2 = -18. Let m be 36 + 36/(-3)*(-3)/6. Let o(p) = 3*p**2 + 8 + p**3 + 25 - 5*p**2 + 2*p - m - 6*p**2. Give o(a).
7
Let k = 13953 - 13949. Let a(v) = -v**3 + 2*v**2 - 7*v + 14. Give a(k).
-46
Let k(y) be the second derivative of y**3/6 + 9*y**2/2 + 6*y. Let q(d) = 7*d**2 - d**3 - 98 - 5*d + 85 + 6*d. Let r be q(7). What is k(r)?
3
Let h(b) = 4*b + 1. Let u(y) = -19*y + 1. Let i(w) = 5*h(w) + u(w). Suppose 3*q = 5*k + 10, 2 = 4*k - 5*q - 3. Determine i(k).
1
Let w(p) = 16*p + 4. Let u = -99 - -96. Let d(v) = 30*v + 7. Let i(q) = u*d(q) + 5*w(q). Determine i(1).
-11
Let c(g) = -15*g - 63. Suppose 4*u + h + 0*h = -17, -9 = u + 5*h. Let t be c(u). Let l(y) = y**2 + y - 2. What is l(t)?
4
Let w(n) = 56*n - 2005. Let c be w(36). Let t(r) = r**3 - 12*r**2 + 6*r + 13. Determine t(c).
-42
Suppose g = -3*b + 5, 3*g - 2*b + 0*b - 15 = 0. Suppose g*m = 17 - 7. Let a be (0 - -15)/((-3)/m). Let x(h) = 2*h + 12. Calculate x(a).
-8
Let k(x) = -12*x - 33. Suppose 0 = l + 6, 4*s - 4*l + 44 - 60 = 0. Determine k(s).
-9
Let o(k) be the second derivative of -k**3/6 - 5*k**2/2 - 796*k + 2. Suppose 3*l - 3 = 4*a, 5*a + 5*l = a - 27. Give o(a).
-2
Let w(z) be the third derivative of 7*z**5/60 + 61*z**4/24 + 3*z**3/2 + 9368*z**2. Give w(-9).
27
Let h(j) = 3*j**2 - 2 + 2*j**2 - 3973*j + 4005*j + 11*j**2. Give h(-2).
-2
Suppose -1 = p + 5*q - 19, -2*p = -4*q + 6. Let k be (-3052259)/(-28) + 15/(-12) + 1. Let b(n) = -n + 109012 - 3*n - n**2 - k. What is b(p)?
-18
Let n(b) be the third derivative of 7*b**6/120 - b**5/30 + b**3/6 + b**2. Let c = 444 - 436. Let l be 2*1/2*(9 - c). Give n(l).
6
Let k(r) = -35*r - 68. Let s be k(-2). Suppose 5*y = -2*n + 32, 2*n + s*y + 3 = 23. Let o(d) = 0*d - 7 + d**2 + 2*d - 6*d. Calculate o(n).
5
Let f(o) = 6 - 35 - 2*o**2 + 39*o - 8*o - 10*o - 7*o. Calculate f(5).
-9
Let i be (33/(-7) - -5)*2191. Let g = 633 - i. Let v(r) = r**3 - 6*r**2 - 4*r - 2. Calculate v(g).
19
Suppose q + 35 = 2*v, 3*v - 4*q = -4 + 69. Suppose -2*o + v = 3*k - 0*k, -2*o + 3*k = -21. Suppose -76 = -o*u - 22. Let g(r) = r**3 - 6*r**2 - r + 3. Give g(u).
-3
Let a(s) = s**3 + 2*s**2 - 5*s - 10. Let h(v) = 116*v + 8579. Let m be h(-74). What is a(m)?
-60
Suppose 5 = 7*q - 338. Let m(x) = -x - x**2 + 8*x - 38 - q + 80. Give m(8).
-15
Let p(j) = 100*j - 999. Let v be p(10). Let i(w) = 7*w**3 - 2*w**2 + 3*w - 3. What is i(v)?
5
Let f(k) = k**2 - 5*k + 3. Let i(v) = -3*v + 26. Let b be (-216)/(-48)*(-20)/(-6). Suppose -o - 4*j + b = 8, -3*j = 3*o - 21. Let g be i(o). Calculate f(g).
3
Let v be ((-1680)/4200)/(1/(0 + 5/(-8))). Let l(n) be the second derivative of 0 + 1/2*n**2 + 9*n + v*n**4 - 1/3*n**3. Give l(1).
2
Let s(v) = -17*v + 26. Let a be s(2). Let o(p) = p**3 + 9*p**2 + 6*p + 1. Determine o(a).
17
Let l be 12/8 + (-10)/4. Let c(j) = -j + 1. Let b(p) = p**2 - p - 1. Let x(w) = l*c(w) + b(w). Let v = -9 + 11. Calculate x(v).
2
Let m(c) = -c**2 + 7*c + 2. Let d be m(7). Let b(q) = -3*q + 5. Let k(y) = -y - 1. Let p(x) = d*k(x) - b(x). Calculate p(6).
-1
Let z(x) = 2*x + 3. Let w(k) = -13*k - 14. Let h(p) = -w(p) - 6*z(p). Suppose 5*v = -4*u - 139 - 9, -2*v = -2*u - 56. Let q be (1*-2)/(u/(-80)). Give h(q).
-9
Let r(k) = k**2 + k - 9. Let t be r(-4). Let a = -158 + 304. Let x(q) = a - t*q - q**3 - 146 + 5*q**2. Determine x(4).
4
Let j(w) = 4*w - 1. Let h(i) = -8*i + 69. Let f(y) = -h(y) - 3*j(y). Determine f(-15).
-6
Suppose -2*b - b - 2*g = 5, 4*b - 3*g = -1. Let w(p) be the second derivative of 7*p**5/20 - p**4/6 - p**3/6 - 114*p. Determine w(b).
-8
Let c(y) = -10*y + 9. Let a(d) = 26*d - 15. Let o(k) = -2*a(k) - 3*c(k). Determine o(-1).
25
Let x(c) = 9*c - 8. Let k(g) = g**2 - 8*g + 7. Let l(m) = -5*k(m) - 4*x(m). Let y be (1/(-2))/((-8)/48). Suppose f + 4 = y*f. Give l(f).
-15
Let h(m) = -13*m - 1. Suppose -n - g = 101, -n + 121 = -2*n - 5*g. Let x = 95 + n. Calculate h(x).
12
Let z(i) = 4*i**3 + 6*i**2 + 5*i + 4. Let a(j) = -5*j**3 - 7*j**2 - 6*j - 5. Let g(n) = 3*a(n) + 4*z(n). Let l = 517 + -831. Let x = l - -312. Calculate g(x).
1
Let f(x) = 144*x**3 - 122 + 18*x**2 + 7 - 285*x**3 - 95*x + 26*x**2 + 142*x**3. Calculate f(-46).
23
Let g(d) = -d - 22. Let i = 5917 + -5926. What is g(i)?
-13
Let s = -544442 - -544448. Let w(j) = -4*j - 11. Let g(u) = -5*u - 11. Let m(q) = 5*g(q) - 6*w(q). Determine m(s).
5
Let q(x) = -x**3 + 9*x**2 - 8*x - 12. Suppose 26*d = 554 - 372. What is q(d)?
30
Le